
27
Calculate the highest common divisor of 10983 and 21.
21
What is the greatest common factor of 969 and 228?
57
Calculate the highest common factor of 21 and 124110.
21
What is the highest common factor of 57 and 2489?
19
What is the greatest common divisor of 110 and 1375?
55
Calculate the highest common factor of 21 and 987.
21
Calculate the greatest common divisor of 90 and 45.
45
What is the greatest common divisor of 144 and 6864?
48
Calculate the highest common divisor of 84 and 10500.
84
What is the greatest common divisor of 21 and 12572?
7
What is the highest common divisor of 14 and 56?
14
Calculate the greatest common factor of 20 and 12780.
20
Calculate the highest common divisor of 24450 and 120.
30
What is the highest common factor of 9 and 3159?
9
Calculate the greatest common factor of 1612 and 558.
62
What is the greatest common divisor of 1785 and 45?
15
What is the highest common divisor of 924 and 2508?
132
What is the highest common divisor of 40 and 24?
8
Calculate the greatest common factor of 60 and 3210.
30
Calculate the highest common divisor of 5 and 55.
5
What is the greatest common divisor of 66 and 913?
11
What is the greatest common divisor of 42 and 14?
14
What is the greatest common factor of 7169 and 134?
67
Calculate the greatest common factor of 17 and 67.
1
What is the greatest common divisor of 5612 and 368?
92
Calculate the greatest common divisor of 584 and 16.
8
What is the greatest common factor of 1875 and 75?
75
Calculate the highest common divisor of 775 and 275.
25
Calculate the highest common divisor of 21 and 9093.
21
What is the greatest common factor of 126 and 168?
42
Calculate the highest common factor of 15 and 1140.
15
Calculate the highest common divisor of 132 and 594.
66
Calculate the highest common factor of 13 and 6617.
13
What is the highest common factor of 258 and 430?
86
Calculate the greatest common factor of 15 and 795.
15
What is the greatest common divisor of 7961 and 19?
19
Calculate the highest common divisor of 16015 and 5.
5
Calculate the highest common divisor of 4462 and 1358.
194
What is the highest common divisor of 252 and 238?
14
What is the greatest common factor of 30 and 5210?
10
Calculate the greatest common factor of 13 and 21.
1
What is the highest common divisor of 235 and 2773?
47
Calculate the highest common divisor of 234 and 54.
18
What is the highest common factor of 338 and 26?
26
Calculate the greatest common factor of 16 and 304.
16
Calculate the greatest common divisor of 325 and 75.
25
What is the highest common factor of 286 and 130?
26
Calculate the greatest common divisor of 465 and 744.
93
Calculate the highest common divisor of 2632 and 392.
56
What is the greatest common divisor of 1624 and 348?
116
What is the greatest common factor of 660 and 176?
44
Calculate the greatest common divisor of 192 and 8000.
64
What is the highest common divisor of 529 and 69?
23
Calculate the greatest common factor of 1681 and 41.
41
Calculate the highest common divisor of 299 and 39.
13
Calculate the highest common divisor of 3 and 123.
3
What is the greatest common factor of 320 and 1360?
80
Calculate the highest common divisor of 40411 and 161.
161
What is the greatest common factor of 36153 and 13?
13
What is the greatest common divisor of 184 and 2852?
92
What is the highest common factor of 474 and 186?
6
Calculate the greatest common divisor of 20 and 16.
4
Calculate the highest common factor of 7695 and 135.
135
Calculate the greatest common divisor of 456 and 57.
57
What is the greatest common factor of 375 and 150?
75
What is the highest common divisor of 36 and 310?
2
What is the greatest common divisor of 24 and 42?
6
Calculate the highest common factor of 640 and 200.
40
Calculate the greatest common factor of 27 and 24489.
27
What is the highest common factor of 1157 and 78?
13
Calculate the highest common factor of 65 and 325.
65
Calculate the greatest common divisor of 104 and 234.
26
Calculate the highest common divisor of 106 and 5353.
53
Calculate the greatest common factor of 292 and 36.
4
Calculate the highest common factor of 39 and 4953.
39
What is the greatest common divisor of 1152 and 9?
9
Calculate the greatest common divisor of 118 and 177.
59
What is the highest common divisor of 15876 and 27?
27
What is the highest common factor of 257 and 8?
1
What is the greatest common divisor of 144 and 12?
12
What is the greatest common factor of 621 and 345?
69
What is the greatest common divisor of 98 and 2352?
98
What is the greatest common divisor of 93 and 620?
31
Calculate the greatest common factor of 21 and 3.
3
Calculate the greatest common divisor of 4 and 32.
4
What is the highest common factor of 108 and 8?
4
Calculate the highest common factor of 1233 and 9.
9
Calculate the greatest common divisor of 80 and 520.
40
What is the highest common factor of 610 and 1037?
61
Calculate the highest common factor of 470 and 90.
10
Calculate the highest common divisor of 46 and 575.
23
Calculate the greatest common factor of 322 and 115.
23
What is the highest common factor of 190 and 70?
10
Calculate the highest common divisor of 2 and 2544.
2
What is the greatest common factor of 520 and 195?
65
Calculate the highest common divisor of 980 and 112.
28
Calculate the greatest common divisor of 592 and 1961.
37
Calculate the highest common divisor of 8 and 86.
2
What is the greatest common factor of 1140 and 36?
12
Calculate the greatest common factor of 5225 and 825.
275
Calculate the greatest common divisor of 122 and 23302.
122
Calculate the greatest common divisor of 77 and 40733.
77
Calculate the highest common factor of 4094 and 92.
46
What is the greatest common divisor of 400 and 2925?
25
Calculate the highest common factor of 56 and 256.
8
Calculate the greatest common divisor of 544 and 96.
32
What is the highest common divisor of 42 and 1442?
14
Calculate the highest common divisor of 837 and 186.
93
What is the highest common divisor of 21 and 77?
7
Calculate the greatest common factor of 30 and 24.
6
What is the highest common divisor of 7472 and 16?
16
What is the highest common factor of 77 and 7?
7
Calculate the highest common factor of 1036 and 444.
148
Calculate the greatest common factor of 8 and 7864.
8
Calculate the greatest common divisor of 65 and 4446.
13
What is the highest common divisor of 1 and 211?
1
Calculate the greatest common factor of 104 and 26.
26
Calculate the highest common divisor of 679 and 28.
7
What is the highest common divisor of 170 and 13770?
170
Calculate the highest common factor of 759 and 92.
23
What is the greatest common factor of 234 and 546?
78
What is the greatest common factor of 22 and 649?
11
Calculate the greatest common divisor of 1580 and 30.
10
What is the highest common divisor of 190 and 210?
10
What is the highest common divisor of 420 and 1530?
30
Calculate the highest common divisor of 1840 and 575.
115
Calculate the highest common divisor of 1664 and 39.
13
Calculate the greatest common divisor of 243 and 1539.
81
Calculate the highest common divisor of 2491 and 376.
47
Calculate the highest common factor of 10 and 3130.
10
What is the greatest common factor of 4 and 500?
4
Calculate the highest common divisor of 909 and 477.
9
Calculate the highest common factor of 752 and 48.
16
Calculate the highest common factor of 2415 and 245.
35
Calculate the greatest common factor of 705 and 376.
47
Calculate the greatest common divisor of 60 and 132.
12
What is the greatest common factor of 50 and 125?
25
Calculate the highest common factor of 1728 and 2496.
192
What is the highest common divisor of 8 and 5736?
8
Calculate the greatest common divisor of 22 and 15455.
11
Calculate the highest common divisor of 9804 and 18.
6
Calculate the greatest common factor of 111818 and 326.
326
What is the highest common factor of 16082 and 11?
11
Calculate the greatest common factor of 3 and 107.
1
Calculate the greatest common divisor of 243 and 351.
27
Calculate the greatest common factor of 3225 and 516.
129
Calculate the greatest common factor of 18 and 387.
9
What is the greatest common factor of 189 and 2079?
189
Calculate the greatest common divisor of 48 and 258.
6
What is the grea